87 is divided by 17?
15
Calculate the remainder when 161002 is divided by 1713.
1693
Calculate the remainder when 94371 is divided by 4716.
51
What is the remainder when 166367 is divided by 131?
128
What is the remainder when 1881 is divided by 115?
41
What is the remainder when 340 is divided by 180?
160
What is the remainder when 3386 is divided by 3356?
30
What is the remainder when 33966 is divided by 75?
66
Calculate the remainder when 5522 is divided by 2688.
146
What is the remainder when 1929 is divided by 1917?
12
What is the remainder when 251323 is divided by 64?
59
Calculate the remainder when 29453 is divided by 16.
13
What is the remainder when 1891 is divided by 6?
1
Calculate the remainder when 281242 is divided by 9.
1
What is the remainder when 147333 is divided by 42?
39
What is the remainder when 69509 is divided by 30?
29
Calculate the remainder when 11249 is divided by 96.
17
What is the remainder when 1049689 is divided by 101?
97
Calculate the remainder when 2038 is divided by 1877.
161
What is the remainder when 133119 is divided by 33?
30
What is the remainder when 17409 is divided by 36?
21
Calculate the remainder when 2699 is divided by 224.
11
What is the remainder when 83236 is divided by 83118?
118
What is the remainder when 323987 is divided by 116?
115
Calculate the remainder when 84978 is divided by 11.
3
What is the remainder when 7530 is divided by 1504?
10
What is the remainder when 341 is divided by 129?
83
Calculate the remainder when 120937 is divided by 8.
1
What is the remainder when 64923 is divided by 21640?
3
Calculate the remainder when 39387 is divided by 194.
5
Calculate the remainder when 37411 is divided by 131.
76
Calculate the remainder when 93968 is divided by 206.
32
Calculate the remainder when 2264 is divided by 2247.
17
Calculate the remainder when 263975 is divided by 26.
23
Calculate the remainder when 19343 is divided by 1206.
47
Calculate the remainder when 3297415 is divided by 1864.
1863
What is the remainder when 2264 is divided by 701?
161
What is the remainder when 619 is divided by 56?
3
Calculate the remainder when 1265209 is divided by 19.
18
Calculate the remainder when 789 is divided by 159.
153
What is the remainder when 25206 is divided by 6153?
594
Calculate the remainder when 33156 is divided by 76.
20
Calculate the remainder when 9425 is divided by 72.
65
What is the remainder when 18577 is divided by 2652?
13
What is the remainder when 4241995 is divided by 229?
228
Calculate the remainder when 3660 is divided by 515.
55
Calculate the remainder when 72458 is divided by 21.
8
What is the remainder when 2556 is divided by 1726?
830
What is the remainder when 39920 is divided by 1209?
23
What is the remainder when 27105 is divided by 23?
11
Calculate the remainder when 26764 is divided by 9.
7
What is the remainder when 13101 is divided by 253?
198
What is the remainder when 177383 is divided by 22?
19
What is the remainder when 106919 is divided by 132?
131
Calculate the remainder when 3020 is divided by 749.
24
What is the remainder when 734209 is divided by 7648?
1
Calculate the remainder when 1692172 is divided by 17445.
7
Calculate the remainder when 7418 is divided by 28.
26
What is the remainder when 14501 is divided by 2410?
41
What is the remainder when 1591 is divided by 1485?
106
What is the remainder when 167302 is divided by 105?
37
Calculate the remainder when 33945 is divided by 453.
423
What is the remainder when 9843 is divided by 6?
3
What is the remainder when 141211 is divided by 43?
42
What is the remainder when 13819 is divided by 91?
78
What is the remainder when 10563 is divided by 18?
15
What is the remainder when 5210 is divided by 84?
2
Calculate the remainder when 299166 is divided by 5.
1
Calculate the remainder when 30165 is divided by 9.
6
What is the remainder when 165437 is divided by 8?
5
Calculate the remainder when 4449 is divided by 293.
54
Calculate the remainder when 16027 is divided by 7998.
31
What is the remainder when 10104928 is divided by 330?
328
Calculate the remainder when 12341 is divided by 9.
2
Calculate the remainder when 565 is divided by 167.
64
Calculate the remainder when 19854 is divided by 223.
7
What is the remainder when 7139 is divided by 7129?
10
What is the remainder when 1498196 is divided by 115245?
11
Calculate the remainder when 2931 is divided by 6.
3
Calculate the remainder when 105335 is divided by 36.
35
What is the remainder when 2685 is divided by 174?
75
Calculate the remainder when 14678 is divided by 233.
232
Calculate the remainder when 11396 is divided by 40.
36
What is the remainder when 128517 is divided by 238?
235
Calculate the remainder when 11128 is divided by 35.
33
What is the remainder when 842 is divided by 320?
202
What is the remainder when 1214 is divided by 7?
3
What is the remainder when 93323 is divided by 1581?
44
What is the remainder when 5100236 is divided by 538?
534
What is the remainder when 225613 is divided by 159?
151
Calculate the remainder when 2307 is divided by 21.
18
What is the remainder when 3199 is divided by 532?
7
Calculate the remainder when 1128 is divided by 185.
18
What is the remainder when 2507 is divided by 831?
14
Calculate the remainder when 281143 is divided by 1625.
18
Calculate the remainder when 3485 is divided by 1668.
149
Calculate the remainder when 738167 is divided by 6.
5
What is the remainder when 6583 is divided by 266?
199
Calculate the remainder when 451863 is divided by 6.
3
Calculate the remainder when 30402 is divided by 15201.
0
What is the remainder when 3625340 is divided by 9?
5
What is the remainder when 39886 is divided by 4985?
6
What is the remainder when 11366 is divided by 19?
4
What is the remainder when 4231 is divided by 1052?
23
What is the remainder when 2837 is divided by 58?
53
Calculate the remainder when 2133697 is divided by 533423.
5
Calculate the remainder when 5169 is divided by 45.
39
What is the remainder when 1528332 is divided by 45?
42
What is the remainder when 22147 is divided by 386?
145
Calculate the remainder when 44255 is divided by 35.
15
What is the remainder when 502860 is divided by 95?
25
What is the remainder when 37839 is divided by 18904?
31
Calculate the remainder when 89428 is divided by 30.
28
Calculate the remainder when 20224 is divided by 90.
64
Calculate the remainder when 2444 is divided by 1205.
34
Calculate the remainder when 169206 is divided by 41.
40
What is the remainder when 281722 is divided by 51?
49
What is the remainder when 10921 is divided by 53?
3
Calculate the remainder when 190862 is divided by 224.
14
What is the remainder when 85243 is divided by 4?
3
What is the remainder when 205567 is divided by 68520?
7
What is the remainder when 3511 is divided by 355?
316
Calculate the remainder when 1483168 is divided by 195.
193
Calculate the remainder when 25877 is divided by 421.
196
What is the remainder when 12616 is divided by 115?
81
Calculate the remainder when 16391 is divided by 18.
11
Calculate the remainder when 114175 is divided by 50.
25
Calculate the remainder when 50039 is divided by 131.
128
What is the remainder when 32142 is divided by 944?
46
What is the remainder when 56944 is divided by 170?
164
What is the remainder when 64725 is divided by 16178?
13
What is the remainder when 2872 is divided by 184?
112
What is the remainder when 106786 is divided by 141?
49
What is the remainder when 250980 is divided by 11407?
26
Calculate the remainder when 34542 is divided by 194.
10
Calculate the remainder when 16097271 is divided by 958.
955
What is the remainder when 15691 is divided by 9?
4
Calculate the remainder when 2063 is divided by 149.
126
What is the remainder when 892232 is divided by 9?
8
What is the remainder when 4644 is divided by 4434?
210
What is the remainder when 13945 is divided by 499?
472
Calculate the remainder when 1639456 is divided by 71.
66
What is the remainder when 26493 is divided by 631?
622
Calculate the remainder when 107871 is divided by 290.
281
What is the remainder when 8121 is divided by 1992?
153
What is the remainder when 732772 is divided by 676?
664
Calculate the remainder when 107614 is divided by 1195.
64
What is t